 39 - -a9231c?
a92358
In base 15, what is 4 + 17819?
1781d
In base 3, what is -1021021121000122220 - 10?
-1021021121000200000
In base 15, what is -1c7cb + -e42?
-1d71d
In base 14, what is 434662a + -b?
434661d
In base 11, what is -4aa + -437a?
-4879
In base 3, what is -11 + -1010001022020202?
-1010001022020220
In base 2, what is -1110001011101111110100 + 1010?
-1110001011101111101010
In base 13, what is -462 + 4335?
3ba3
In base 3, what is -12 + -101021212102120111?
-101021212102120200
In base 6, what is 2242 - -15135?
21421
In base 8, what is -4337 + 21124?
14565
In base 9, what is 3637017 - 26?
3636881
In base 7, what is -23620 + 520644?
464024
In base 10, what is -12548490 + 0?
-12548490
In base 11, what is -389 - -83362a?
833251
In base 11, what is 11028a2a2a + 0?
11028a2a2a
In base 6, what is -11 + -23555051?
-23555102
In base 6, what is 2002250131 + 5?
2002250140
In base 6, what is 423 - -152225?
153052
In base 4, what is 113301 + 12000?
131301
In base 16, what is 184 - 1eac8?
-1e944
In base 15, what is -389a6 + -26?
-389cc
In base 10, what is -3211 - 107098?
-110309
In base 15, what is -1a - b5c968?
-b5c983
In base 8, what is -3 + 230553724?
230553721
In base 2, what is -101001000100001000101101 + -111111?
-101001000100001001101100
In base 6, what is 1443 + 415255?
421142
In base 2, what is 1011011000110 + -100000001011011?
-10100110010101
In base 5, what is -13 + 3134240130?
3134240112
In base 14, what is 8c8b2 - -5?
8c8b7
In base 3, what is -12102 - 21110121220?
-21110211022
In base 12, what is -2 - 10b6835?
-10b6837
In base 7, what is 665231 - 1415?
663513
In base 4, what is -3303211313 + 13?
-3303211300
In base 13, what is 5c474b3 + 1?
5c474b4
In base 13, what is 20c + 1a7878?
1a7a87
In base 14, what is 9 + 1026c47?
1026c52
In base 3, what is -11 - -11202100112111100?
11202100112111012
In base 7, what is 156544162016 - -3?
156544162022
In base 8, what is 125616 + 47?
125665
In base 12, what is 1 + 632435a?
632435b
In base 16, what is 9107d - -38?
910b5
In base 4, what is 202300310 + -1200?
202233110
In base 6, what is 1 + -3054025103?
-3054025102
In base 6, what is -4204204 + 4122?
-4200042
In base 15, what is -2ce7 + 645a?
3663
In base 3, what is -12211012212 + 100222?
-12210211220
In base 5, what is -13 - 3344043031?
-3344043044
In base 5, what is -213 + 232344202?
232343434
In base 8, what is -231760 + -2405?
-234365
In base 2, what is 1000100000110101 + 1110111010?
1000101111101111
In base 7, what is 1165502351 + -2?
1165502346
In base 10, what is -292178 - 358?
-292536
In base 5, what is -100044244212 - 3?
-100044244220
In base 2, what is 1000001101111001010001000000 - 11?
1000001101111001010000111101
In base 16, what is 2 + -8ec0df8?
-8ec0df6
In base 10, what is -349115 + 11?
-349104
In base 12, what is -2 + 136a8871?
136a886b
In base 2, what is 101010001111001111111010011100 + 100?
101010001111001111111010100000
In base 2, what is 11110000100 - 10110111010011110?
-10110011100011010
In base 3, what is 1221212112120212 + -1?
1221212112120211
In base 2, what is 110010100010101001100000111 + -101?
110010100010101001100000010
In base 10, what is 48 - 10794268?
-10794220
In base 10, what is -142 + -1344?
-1486
In base 15, what is 13 + 29001?
29014
In base 10, what is 16961473 + 2?
16961475
In base 3, what is 22210 - -112201211001?
112202010211
In base 16, what is 6801 + -155?
66ac
In base 11, what is -21 - -311aa5?
311a84
In base 3, what is 11101112 - -1222012?
20100201
In base 9, what is -1 + -7775285?
-7775286
In base 10, what is 222198 + -566?
221632
In base 4, what is 201133233 - 1232?
201132001
In base 6, what is -240450 + -2050?
-242540
In base 4, what is -132 + 13011232300?
13011232102
In base 11, what is 5 - -6303008?
6303012
In base 5, what is 1134302 - -1303?
1141110
In base 11, what is -93350 - -408?
-92a43
In base 14, what is -17 - -1286a7?
128690
In base 2, what is -1001111101111100000 + 10100011000?
-1001111011011001000
In base 11, what is -923 + 107557?
106734
In base 6, what is 14000520530 - -1?
14000520531
In base 5, what is 2 - -1012142020?
1012142022
In base 3, what is 11110211 + -1000012110?
-211201122
In base 9, what is 25326735 - -2?
25326737
In base 13, what is 3ca6b - 7?
3ca64
In base 3, what is 2210012 + -100022121?
-20112102
In base 10, what is 4 - 30061?
-30057
In base 13, what is -14a + 2b757?
2b60a
In base 12, what is 34 + 273317?
27334b
In base 14, what is -938a4 - 75?
-93939
In base 9, what is -5233825 + 12?
-5233813
In base 8, what is -1 - 265673731?
-265673732
In base 11, what is -4 + 223671a?
2236716
In base 16, what is ee36a + -1c?
ee34e
In base 16, what is 159f7e4 + 4?
159f7e8
In base 15, what is -a38 - -53?
-9d5
In base 11, what is 4110aa6 + -4?
4110aa2
In base 6, what is -2 + -21320553?
-21320555
In base 15, what is 6de80 - 251?
6dc2e
In base 4, what is 201033 - -22331201?
23132300
In base 7, what is -63234053 + 5?
-63234045
In base 14, what is -b5 + -33b85?
-33c5a
In base 9, what is 163866630 + -5?
163866624
In base 4, what is -20003 + -32203110?
-32223113
In base 10, what is -6720 + 70232?
63512
In base 13, what is 14bc + -45c2?
-3103
In base 5, what is -12 + -1211323201?
-1211323213
In base 13, what is 201a7c + 655?
202404
In base 2, what is -1001101100 - 11000100110011111010?
-11000100111101100110
In base 2, what is -1 - 101100110000110010100001?
-101100110000110010100010
In base 7, what is 26561 + 314?
30205
In base 2, what is -1010011100010010 - 10110010?
-1010011111000100
In base 11, what is 993835 + -5?
993830
In base 16, what is c71643 - -1?
c71644
In base 12, what is 22701 - 21?
226a0
In base 12, what is -43549 - -22?
-43527
In base 13, what is -14 + 1c7032?
1c701b
In base 7, what is 2 - 10430041?
-10430036
In base 14, what is -d4 + 8c80?
8b8a
In base 14, what is -4b - 730acb?
-730b38
In base 7, what is -146016251 - 100?
-146016351
In base 10, what is -131 + -640837?
-640968
In base 10, what is 3926 + 27030?
30956
In base 13, what is -4339ac - -3?
-4339a9
In base 6, what is 40232 - -40?
40312
In base 8, what is -62423 + 117?
-62304
In base 10, what is -136 - -2324216?
2324080
In base 15, what is 11358 - 117?
11241
In base 9, what is 27 - -305743?
305771
In base 5, what is -22 - -24334234202?
24334234130
In base 16, what is 3bd8ac + -9?
3bd8a3
In base 12, what is -a - -244794?
244786
In base 15, what is -1327 + -5e0?
-1917
In base 2, what is -11101011110110010010 + 10001?
-11101011110110000001
In base 10, what is 33 + -219671?
-219638
In base 16, what is -5 + 11adef?
11adea
In base 15, what is e3 - 2ebb7?
-2eac4
In base 14, what is 52b7 + 11?
52c8
In base 12, what is -213 - 81554?
-81767
In base 3, what is 2 - -1002122210011100?
1002122210011102
In base 15, what is 1e5 + -2c5e6?
-2c401
In base 14, what is 3 + -356a4672?
-356a466d
In base 2, what is 0 - 1000010001111000100101110?
-1000010001111000100101110
In base 9, what is -8360 - 208413?
-217773
In base 12, what is -16 + 27901?
278a7
In base 16, what is 1 - 1da1ab?
-1da1aa
In base 2, what is -101001111110110111110110 + 101?
-101001111110110111110001
In base 13, what is 3b1 + 26164?
26545
In base 4, what is -10022100321033 + -1?
-10022100321100
In base 4, what is -12210123222 + 20?
-12210123202
In base 12, what is -450 - -11b8a1?
11b451
In base 9, what is -4 - 2653887?
-2654002
In base 16, what is -4b816 - -3a?
-4b7dc
In base 10, what is 318 + 34702?
35020
In base 11, what is -19504 - -5511?
-13aa3
In base 6, what is 1 + 1401405133?
1401405134
In base 5, what is -4302033243 + 23?
-4302033220
In base 15, what is 237 - -3c4a1?
3c6d8
In base 4, what is -3232031331001 + 0?
-3232031331001
In base 8, what is 672 + 514554?
515446
In base 12, what is -3 - 5b19766b?
-5b197672
In base 13, what is 2920 + -23b9b?
-2127b
In base 8, what is -42 - -1652142?
1652100
In base 6, what is 0 + -1245032135?
-1245032135
In base 2, what is 10011001000001111 - -11100001000?
10011100100010111
In base 12, what is -3 - 8851a4?
-8851a7
In base 4, what is 230311313 - 1222?
230310031
In base 4, what is -2222 + -21012000?
-21020222
In base 7, what is -136321 + -232?
-136553
In base 7, what is -23113526 + 4?
-23113522
In base 8, what is -5 - -53622425?
53622420
In base 5, what is 43444432 - 34424?
43410003
In base 8, what is -13 + 30756765?
30756752
In base 16, 